{"id":423,"date":"2024-12-06T00:19:28","date_gmt":"2024-12-05T23:19:28","guid":{"rendered":"https:\/\/astrobook.fr\/?page_id=423"},"modified":"2025-04-07T10:48:21","modified_gmt":"2025-04-07T08:48:21","slug":"les-atlas-memo","status":"publish","type":"page","link":"https:\/\/astrobook.fr\/?page_id=423","title":{"rendered":"Les Atlas M\u00e9mo"},"content":{"rendered":"<marquee scrollamount=\"15\";><H2 style=\"color:#FF0000\";>Nouveau ! &nbsp;&nbsp;&nbsp;Volumes Printemps et Et\u00e9 \u00e0 pr\u00e9sent disponibles, les 4 saisons sont maintenant au complet.<\/H2><\/marquee><p>Apr\u00e8s la r\u00e9alisation des \u00ab Atlas des Constellations \u00bb et toujours dans le souci de prendre en compte les retours des utilisateurs, voici de nouveaux recueils pour aider \u00e0 l\u2019observation des objets du ciel profond, en suivant une nouvelle approche, compl\u00e9mentaire des atlas pr\u00e9c\u00e9dents.<\/p><p>En effet, l\u2019id\u00e9e principale est ici de faire non pas un guide de r\u00e9f\u00e9rence, mais plut\u00f4t des m\u00e9mos pratiques sous la forme d\u2019une collection compl\u00e8te de fascicules, pour une utilisation en fonction des saisons et en d\u00e9taillant de fa\u00e7on plus approfondie les informations utiles \u00e0 l\u2019observation de chaque objets.<\/p><div class=\"wp-block-columns are-vertically-aligned-center is-layout-flex wp-container-core-columns-is-layout-1 wp-block-columns-is-layout-flex\"><div class=\"wp-block-column is-vertically-aligned-center is-layout-flow wp-block-column-is-layout-flow\" style=\"flex-basis:600px\"><div class=\"wp-block-image\"><figure class=\"aligncenter size-full is-resized\"><img loading=\"lazy\" decoding=\"async\" width=\"600\" height=\"400\" src=\"https:\/\/astrobook.fr\/wp-content\/uploads\/2024\/12\/AstroCats-1.png\" alt=\"\" class=\"wp-image-466\" style=\"object-fit:contain;width:600px;height:400px\" srcset=\"https:\/\/astrobook.fr\/wp-content\/uploads\/2024\/12\/AstroCats-1.png 600w, https:\/\/astrobook.fr\/wp-content\/uploads\/2024\/12\/AstroCats-1-300x200.png 300w, https:\/\/astrobook.fr\/wp-content\/uploads\/2024\/12\/AstroCats-1-174x116.png 174w\" sizes=\"auto, (max-width: 600px) 100vw, 600px\" \/><figcaption class=\"wp-element-caption\"><em>Les 4 saisons Ciel Bor\u00e9al<\/em><\/figcaption><\/figure><\/div><\/div>\n\n<div class=\"wp-block-column is-vertically-aligned-center is-layout-flow wp-block-column-is-layout-flow\"><div class=\"wp-block-image\"><figure class=\"aligncenter size-full is-resized\"><img loading=\"lazy\" decoding=\"async\" width=\"123\" height=\"400\" src=\"https:\/\/astrobook.fr\/wp-content\/uploads\/2024\/12\/AstroCats-a-1.png\" alt=\"\" class=\"wp-image-467\" style=\"object-fit:contain;width:150px;height:400px\" srcset=\"https:\/\/astrobook.fr\/wp-content\/uploads\/2024\/12\/AstroCats-a-1.png 123w, https:\/\/astrobook.fr\/wp-content\/uploads\/2024\/12\/AstroCats-a-1-92x300.png 92w, https:\/\/astrobook.fr\/wp-content\/uploads\/2024\/12\/AstroCats-a-1-36x116.png 36w\" sizes=\"auto, (max-width: 123px) 100vw, 123px\" \/><figcaption class=\"wp-element-caption\"><em>Ciel <\/em>Austral<\/figcaption><\/figure><\/div><\/div><\/div><p>C&rsquo;est ainsi qu&rsquo;en plus des informations d\u00e9j\u00e0 pr\u00e9sentes sur mes atlas, on trouvera une photographie de l&rsquo;objet en question si possible proche de l&rsquo;aspect visuel \u00e0 l&rsquo;oculaire, un texte descriptif avec quelques recommandations pour l&rsquo;observation, et une cat\u00e9gorisation iconographique pour un lecture rapide de la typologie de l&rsquo;objet.<\/p><p>Comme pour l&rsquo;atlas des constellations, ces m\u00e9mos sont organis\u00e9s<br>sur le principe de la double page ici par objet :<\/p><div class=\"wp-block-image\"><figure class=\"aligncenter size-full\"><img loading=\"lazy\" decoding=\"async\" width=\"630\" height=\"876\" src=\"https:\/\/astrobook.fr\/wp-content\/uploads\/2024\/12\/DoublePage.png\" alt=\"\" class=\"wp-image-431\" style=\"aspect-ratio:4\/3;object-fit:contain\" srcset=\"https:\/\/astrobook.fr\/wp-content\/uploads\/2024\/12\/DoublePage.png 630w, https:\/\/astrobook.fr\/wp-content\/uploads\/2024\/12\/DoublePage-216x300.png 216w, https:\/\/astrobook.fr\/wp-content\/uploads\/2024\/12\/DoublePage-600x834.png 600w, https:\/\/astrobook.fr\/wp-content\/uploads\/2024\/12\/DoublePage-83x116.png 83w\" sizes=\"auto, (max-width: 630px) 100vw, 630px\" \/><\/figure><\/div><div class=\"wp-block-columns is-layout-flex wp-container-core-columns-is-layout-2 wp-block-columns-is-layout-flex\"><div class=\"wp-block-column is-layout-flow wp-block-column-is-layout-flow\"><p><\/p>\n\n<p><strong>En page de gauche<\/strong> on trouve une carte simplifi\u00e9e de la constellation abritant l&rsquo;objet avec rep\u00e9rage de sa position (sa r\u00e9f\u00e9rence fl\u00e9ch\u00e9e), une carte de champ 1\u00b0 aidant \u00e0 l&rsquo;identification visuelle et une liste des principales caract\u00e9ristiques (type, coordonn\u00e9es, magnitude, etc&#8230;).<\/p><\/div>\n\n<div class=\"wp-block-column is-layout-flow wp-block-column-is-layout-flow\"><p><\/p>\n\n<p><strong>En page de droite<\/strong> une photo illustre l&rsquo;apparence de l&rsquo;objet, un descriptif succinct apporte un compl\u00e9ment d&rsquo;informations sp\u00e9cifiques et quelques conseils pour l&rsquo;observation, enfin une l\u00e9gende de symboles cl\u00f4ture la fiche et permet de se faire une id\u00e9e rapide du niveau de difficult\u00e9 li\u00e9 au rep\u00e9rage et \u00e0 l&rsquo;observation de l&rsquo;objet.<\/p><\/div><\/div>","protected":false},"excerpt":{"rendered":"<p>Nouveau ! &nbsp;&nbsp;&nbsp;Volumes Printemps et Et\u00e9 \u00e0 pr\u00e9sent disponibles, les 4 saisons sont maintenant au complet. Apr\u00e8s la r\u00e9alisation des \u00ab Atlas des Constellations \u00bb et toujours dans le souci de prendre en compte les retours des utilisateurs, voici de nouveaux recueils pour aider \u00e0 l\u2019observation des objets du ciel profond, en suivant une nouvelle [&hellip;]<\/p>\n","protected":false},"author":1,"featured_media":0,"parent":0,"menu_order":0,"comment_status":"closed","ping_status":"closed","template":"","meta":{"footnotes":""},"class_list":["post-423","page","type-page","status-publish","hentry"],"yoast_head":"<!-- This site is optimized with the Yoast SEO plugin v24.0 - https:\/\/yoast.com\/wordpress\/plugins\/seo\/ -->\n<title>Les Atlas M\u00e9mo - Astrobook<\/title>\n<meta name=\"robots\" content=\"index, follow, max-snippet:-1, max-image-preview:large, max-video-preview:-1\" \/>\n<link rel=\"canonical\" href=\"https:\/\/astrobook.fr\/?page_id=423\" \/>\n<meta property=\"og:locale\" content=\"fr_FR\" \/>\n<meta property=\"og:type\" content=\"article\" \/>\n<meta property=\"og:title\" content=\"Les Atlas M\u00e9mo - Astrobook\" \/>\n<meta property=\"og:description\" content=\"Nouveau ! &nbsp;&nbsp;&nbsp;Volumes Printemps et Et\u00e9 \u00e0 pr\u00e9sent disponibles, les 4 saisons sont maintenant au complet. Apr\u00e8s la r\u00e9alisation des \u00ab Atlas des Constellations \u00bb et toujours dans le souci de prendre en compte les retours des utilisateurs, voici de nouveaux recueils pour aider \u00e0 l\u2019observation des objets du ciel profond, en suivant une nouvelle [&hellip;]\" \/>\n<meta property=\"og:url\" content=\"https:\/\/astrobook.fr\/?page_id=423\" \/>\n<meta property=\"og:site_name\" content=\"Astrobook\" \/>\n<meta property=\"article:modified_time\" content=\"2025-04-07T08:48:21+00:00\" \/>\n<meta property=\"og:image\" content=\"https:\/\/astrobook.fr\/wp-content\/uploads\/2024\/12\/AstroCats-1.png\" \/>\n\t<meta property=\"og:image:width\" content=\"600\" \/>\n\t<meta property=\"og:image:height\" content=\"400\" \/>\n\t<meta property=\"og:image:type\" content=\"image\/png\" \/>\n<meta name=\"twitter:card\" content=\"summary_large_image\" \/>\n<meta name=\"twitter:label1\" content=\"Dur\u00e9e de lecture estim\u00e9e\" \/>\n\t<meta name=\"twitter:data1\" content=\"2 minutes\" \/>\n<script type=\"application\/ld+json\" class=\"yoast-schema-graph\">{\"@context\":\"https:\/\/schema.org\",\"@graph\":[{\"@type\":\"WebPage\",\"@id\":\"https:\/\/astrobook.fr\/?page_id=423\",\"url\":\"https:\/\/astrobook.fr\/?page_id=423\",\"name\":\"Les Atlas M\u00e9mo - Astrobook\",\"isPartOf\":{\"@id\":\"https:\/\/astrobook.fr\/#website\"},\"primaryImageOfPage\":{\"@id\":\"https:\/\/astrobook.fr\/?page_id=423#primaryimage\"},\"image\":{\"@id\":\"https:\/\/astrobook.fr\/?page_id=423#primaryimage\"},\"thumbnailUrl\":\"https:\/\/astrobook.fr\/wp-content\/uploads\/2024\/12\/AstroCats-1.png\",\"datePublished\":\"2024-12-05T23:19:28+00:00\",\"dateModified\":\"2025-04-07T08:48:21+00:00\",\"breadcrumb\":{\"@id\":\"https:\/\/astrobook.fr\/?page_id=423#breadcrumb\"},\"inLanguage\":\"fr-FR\",\"potentialAction\":[{\"@type\":\"ReadAction\",\"target\":[\"https:\/\/astrobook.fr\/?page_id=423\"]}]},{\"@type\":\"ImageObject\",\"inLanguage\":\"fr-FR\",\"@id\":\"https:\/\/astrobook.fr\/?page_id=423#primaryimage\",\"url\":\"https:\/\/astrobook.fr\/wp-content\/uploads\/2024\/12\/AstroCats-1.png\",\"contentUrl\":\"https:\/\/astrobook.fr\/wp-content\/uploads\/2024\/12\/AstroCats-1.png\",\"width\":600,\"height\":400},{\"@type\":\"BreadcrumbList\",\"@id\":\"https:\/\/astrobook.fr\/?page_id=423#breadcrumb\",\"itemListElement\":[{\"@type\":\"ListItem\",\"position\":1,\"name\":\"Accueil\",\"item\":\"https:\/\/astrobook.fr\/\"},{\"@type\":\"ListItem\",\"position\":2,\"name\":\"Les Atlas M\u00e9mo\"}]},{\"@type\":\"WebSite\",\"@id\":\"https:\/\/astrobook.fr\/#website\",\"url\":\"https:\/\/astrobook.fr\/\",\"name\":\"Astrobook\",\"description\":\"Ouvrages Cartographiques du Ciel\",\"publisher\":{\"@id\":\"https:\/\/astrobook.fr\/#organization\"},\"potentialAction\":[{\"@type\":\"SearchAction\",\"target\":{\"@type\":\"EntryPoint\",\"urlTemplate\":\"https:\/\/astrobook.fr\/?s={search_term_string}\"},\"query-input\":{\"@type\":\"PropertyValueSpecification\",\"valueRequired\":true,\"valueName\":\"search_term_string\"}}],\"inLanguage\":\"fr-FR\"},{\"@type\":\"Organization\",\"@id\":\"https:\/\/astrobook.fr\/#organization\",\"name\":\"Astrobook\",\"url\":\"https:\/\/astrobook.fr\/\",\"logo\":{\"@type\":\"ImageObject\",\"inLanguage\":\"fr-FR\",\"@id\":\"https:\/\/astrobook.fr\/#\/schema\/logo\/image\/\",\"url\":\"https:\/\/astrobook.fr\/wp-content\/uploads\/2020\/11\/logoAstrobook-gr.png\",\"contentUrl\":\"https:\/\/astrobook.fr\/wp-content\/uploads\/2020\/11\/logoAstrobook-gr.png\",\"width\":155,\"height\":100,\"caption\":\"Astrobook\"},\"image\":{\"@id\":\"https:\/\/astrobook.fr\/#\/schema\/logo\/image\/\"}}]}<\/script>\n<!-- \/ Yoast SEO plugin. -->","yoast_head_json":{"title":"Les Atlas M\u00e9mo - Astrobook","robots":{"index":"index","follow":"follow","max-snippet":"max-snippet:-1","max-image-preview":"max-image-preview:large","max-video-preview":"max-video-preview:-1"},"canonical":"https:\/\/astrobook.fr\/?page_id=423","og_locale":"fr_FR","og_type":"article","og_title":"Les Atlas M\u00e9mo - Astrobook","og_description":"Nouveau ! &nbsp;&nbsp;&nbsp;Volumes Printemps et Et\u00e9 \u00e0 pr\u00e9sent disponibles, les 4 saisons sont maintenant au complet. Apr\u00e8s la r\u00e9alisation des \u00ab Atlas des Constellations \u00bb et toujours dans le souci de prendre en compte les retours des utilisateurs, voici de nouveaux recueils pour aider \u00e0 l\u2019observation des objets du ciel profond, en suivant une nouvelle [&hellip;]","og_url":"https:\/\/astrobook.fr\/?page_id=423","og_site_name":"Astrobook","article_modified_time":"2025-04-07T08:48:21+00:00","og_image":[{"width":600,"height":400,"url":"https:\/\/astrobook.fr\/wp-content\/uploads\/2024\/12\/AstroCats-1.png","type":"image\/png"}],"twitter_card":"summary_large_image","twitter_misc":{"Dur\u00e9e de lecture estim\u00e9e":"2 minutes"},"schema":{"@context":"https:\/\/schema.org","@graph":[{"@type":"WebPage","@id":"https:\/\/astrobook.fr\/?page_id=423","url":"https:\/\/astrobook.fr\/?page_id=423","name":"Les Atlas M\u00e9mo - Astrobook","isPartOf":{"@id":"https:\/\/astrobook.fr\/#website"},"primaryImageOfPage":{"@id":"https:\/\/astrobook.fr\/?page_id=423#primaryimage"},"image":{"@id":"https:\/\/astrobook.fr\/?page_id=423#primaryimage"},"thumbnailUrl":"https:\/\/astrobook.fr\/wp-content\/uploads\/2024\/12\/AstroCats-1.png","datePublished":"2024-12-05T23:19:28+00:00","dateModified":"2025-04-07T08:48:21+00:00","breadcrumb":{"@id":"https:\/\/astrobook.fr\/?page_id=423#breadcrumb"},"inLanguage":"fr-FR","potentialAction":[{"@type":"ReadAction","target":["https:\/\/astrobook.fr\/?page_id=423"]}]},{"@type":"ImageObject","inLanguage":"fr-FR","@id":"https:\/\/astrobook.fr\/?page_id=423#primaryimage","url":"https:\/\/astrobook.fr\/wp-content\/uploads\/2024\/12\/AstroCats-1.png","contentUrl":"https:\/\/astrobook.fr\/wp-content\/uploads\/2024\/12\/AstroCats-1.png","width":600,"height":400},{"@type":"BreadcrumbList","@id":"https:\/\/astrobook.fr\/?page_id=423#breadcrumb","itemListElement":[{"@type":"ListItem","position":1,"name":"Accueil","item":"https:\/\/astrobook.fr\/"},{"@type":"ListItem","position":2,"name":"Les Atlas M\u00e9mo"}]},{"@type":"WebSite","@id":"https:\/\/astrobook.fr\/#website","url":"https:\/\/astrobook.fr\/","name":"Astrobook","description":"Ouvrages Cartographiques du Ciel","publisher":{"@id":"https:\/\/astrobook.fr\/#organization"},"potentialAction":[{"@type":"SearchAction","target":{"@type":"EntryPoint","urlTemplate":"https:\/\/astrobook.fr\/?s={search_term_string}"},"query-input":{"@type":"PropertyValueSpecification","valueRequired":true,"valueName":"search_term_string"}}],"inLanguage":"fr-FR"},{"@type":"Organization","@id":"https:\/\/astrobook.fr\/#organization","name":"Astrobook","url":"https:\/\/astrobook.fr\/","logo":{"@type":"ImageObject","inLanguage":"fr-FR","@id":"https:\/\/astrobook.fr\/#\/schema\/logo\/image\/","url":"https:\/\/astrobook.fr\/wp-content\/uploads\/2020\/11\/logoAstrobook-gr.png","contentUrl":"https:\/\/astrobook.fr\/wp-content\/uploads\/2020\/11\/logoAstrobook-gr.png","width":155,"height":100,"caption":"Astrobook"},"image":{"@id":"https:\/\/astrobook.fr\/#\/schema\/logo\/image\/"}}]}},"jetpack_sharing_enabled":true,"_links":{"self":[{"href":"https:\/\/astrobook.fr\/index.php?rest_route=\/wp\/v2\/pages\/423","targetHints":{"allow":["GET"]}}],"collection":[{"href":"https:\/\/astrobook.fr\/index.php?rest_route=\/wp\/v2\/pages"}],"about":[{"href":"https:\/\/astrobook.fr\/index.php?rest_route=\/wp\/v2\/types\/page"}],"author":[{"embeddable":true,"href":"https:\/\/astrobook.fr\/index.php?rest_route=\/wp\/v2\/users\/1"}],"replies":[{"embeddable":true,"href":"https:\/\/astrobook.fr\/index.php?rest_route=%2Fwp%2Fv2%2Fcomments&post=423"}],"version-history":[{"count":38,"href":"https:\/\/astrobook.fr\/index.php?rest_route=\/wp\/v2\/pages\/423\/revisions"}],"predecessor-version":[{"id":559,"href":"https:\/\/astrobook.fr\/index.php?rest_route=\/wp\/v2\/pages\/423\/revisions\/559"}],"wp:attachment":[{"href":"https:\/\/astrobook.fr\/index.php?rest_route=%2Fwp%2Fv2%2Fmedia&parent=423"}],"curies":[{"name":"wp","href":"https:\/\/api.w.org\/{rel}","templated":true}]}}