{"id":57,"date":"2020-11-04T15:09:21","date_gmt":"2020-11-04T14:09:21","guid":{"rendered":"http:\/\/astrobook.fr\/?page_id=57"},"modified":"2024-12-06T00:32:49","modified_gmt":"2024-12-05T23:32:49","slug":"57-2","status":"publish","type":"page","link":"https:\/\/astrobook.fr\/?page_id=57","title":{"rendered":"Les Atlas Imprim\u00e9s"},"content":{"rendered":"<p>R\u00e9alis\u00e9s en impression num\u00e9rique laser, les atlas imprim\u00e9s se d\u00e9clinent en deux versions : <br><strong><strong>&gt;<\/strong><\/strong> Une version grand format (A4), \u00ab\u00a0<strong>Master Edition<\/strong>\u00a0\u00bb comprenant un seul volume,<br><strong><strong>&gt;<\/strong><\/strong> Une version en format r\u00e9duit (17&#215;24 cm), <strong>\u00ab\u00a0Pocket Edition\u00a0\u00bb<\/strong> comprenant deux volumes qui sont :<br>&nbsp;&nbsp;&nbsp;&nbsp;&nbsp;&nbsp;<strong>*<\/strong> Le tome 1 : Ciel Bor\u00e9al (H\u00e9misph\u00e8re Nord)<br>&nbsp;&nbsp;&nbsp;&nbsp;&nbsp;&nbsp;<strong>*<\/strong> Le tome 2 : Ciel Austral (H\u00e9misph\u00e8re Sud)<\/p><figure class=\"wp-block-image size-large\"><img loading=\"lazy\" decoding=\"async\" width=\"672\" height=\"400\" src=\"http:\/\/astrobook.fr\/wp-content\/uploads\/2020\/11\/AdCcovers.png\" alt=\"\" class=\"wp-image-58\" srcset=\"https:\/\/astrobook.fr\/wp-content\/uploads\/2020\/11\/AdCcovers.png 672w, https:\/\/astrobook.fr\/wp-content\/uploads\/2020\/11\/AdCcovers-600x357.png 600w, https:\/\/astrobook.fr\/wp-content\/uploads\/2020\/11\/AdCcovers-300x179.png 300w, https:\/\/astrobook.fr\/wp-content\/uploads\/2020\/11\/AdCcovers-195x116.png 195w\" sizes=\"auto, (max-width: 672px) 100vw, 672px\" \/><\/figure><p>Ces atlas qui se veulent \u00eatre avant tout <strong>des outils d&rsquo;aides au rep\u00e9rage<\/strong> des objets \u00e0 observer, ont \u00e9t\u00e9 con\u00e7us pour <strong>une utilisation optimale sur le terrain<\/strong>, cette version papier pr\u00e9sente en cela des caract\u00e9ristiques plus appropri\u00e9es \u00e0 cet objectif. <\/p><p>Impression en noir et blanc pour un meilleur contraste et donc plus de visibilit\u00e9, reliure spirale plus facile \u00e0 manipuler et papier semi-rigide type \u00ab\u00a0fiche bristol\u00a0\u00bb<\/p><p><strong>Et de fa\u00e7on g\u00e9n\u00e9rale :<\/strong> mise en page optimis\u00e9e, une double page pour chaque constellations, des cartes de champs pour aider \u00e0 l&rsquo;identification, caract\u00e9ristiques \u00e9l\u00e9mentaires des objets (coordonn\u00e9es, magnitudes, etc).<\/p><h4 class=\"wp-block-heading\"><strong>Pr\u00e9sentation G\u00e9n\u00e9rale<\/strong><\/h4><div class=\"wp-block-image\"><figure class=\"aligncenter size-large is-resized\"><img loading=\"lazy\" decoding=\"async\" width=\"800\" height=\"570\" src=\"http:\/\/astrobook.fr\/wp-content\/uploads\/2020\/11\/DoublePage-min.png\" alt=\"\" class=\"wp-image-60\" style=\"width:581px;height:414px\" srcset=\"https:\/\/astrobook.fr\/wp-content\/uploads\/2020\/11\/DoublePage-min.png 800w, https:\/\/astrobook.fr\/wp-content\/uploads\/2020\/11\/DoublePage-min-600x428.png 600w, https:\/\/astrobook.fr\/wp-content\/uploads\/2020\/11\/DoublePage-min-300x214.png 300w, https:\/\/astrobook.fr\/wp-content\/uploads\/2020\/11\/DoublePage-min-768x547.png 768w, https:\/\/astrobook.fr\/wp-content\/uploads\/2020\/11\/DoublePage-min-163x116.png 163w\" sizes=\"auto, (max-width: 800px) 100vw, 800px\" \/><figcaption class=\"wp-element-caption\"><mark style=\"background-color:rgba(0, 0, 0, 0)\" class=\"has-inline-color has-vivid-cyan-blue-color\">Vue d&rsquo;une double page type pour une constellation.<\/mark><\/figcaption><\/figure><\/div><figure class=\"wp-block-table alignleft\"><table><tbody><tr><td><strong>En page de gauche<\/strong> on trouve une carte g\u00e9n\u00e9rale de la constellation \u00e9labor\u00e9e avec l&rsquo;excellent logiciel \u00ab\u00a0Coelix\u00a0\u00bb.<br>Toutes ces cartes sont \u00e0 la m\u00eame \u00e9chelle (Zoom1X) et les \u00e9toiles y sont repr\u00e9sent\u00e9es jusqu&rsquo;\u00e0 la magnitude 7.5. Tous les objets list\u00e9s en page de droite, sont sur chaque cartes surlign\u00e9s en vert sur la version num\u00e9rique et imprim\u00e9s en gras sur la version papier noir et blanc.<\/td><td><strong>En page de droite<\/strong> un tableau liste les objets les plus int\u00e9ressants suivant leur type et donne pour chacun d&rsquo;entre eux leurs principales caract\u00e9ristiques : dimensions, distances, magnitudes, coordonn\u00e9es, etc. Puis en bas de page, des cartes de champs illustrent l&rsquo;environnement de certains des objets propos\u00e9s. Sauf cas particuliers, elles couvrent 1\u00b0de champs et vont jusqu&rsquo;\u00e0 la magnitude 12.0.<\/td><\/tr><\/tbody><\/table><\/figure><p><\/p><div class=\"wp-block-image\"><figure class=\"aligncenter size-large\"><img loading=\"lazy\" decoding=\"async\" width=\"363\" height=\"363\" src=\"https:\/\/astrobook.fr\/wp-content\/uploads\/2020\/11\/carteChamps.png\" alt=\"\" class=\"wp-image-59\" srcset=\"https:\/\/astrobook.fr\/wp-content\/uploads\/2020\/11\/carteChamps.png 363w, https:\/\/astrobook.fr\/wp-content\/uploads\/2020\/11\/carteChamps-300x300.png 300w, https:\/\/astrobook.fr\/wp-content\/uploads\/2020\/11\/carteChamps-100x100.png 100w, https:\/\/astrobook.fr\/wp-content\/uploads\/2020\/11\/carteChamps-150x150.png 150w, https:\/\/astrobook.fr\/wp-content\/uploads\/2020\/11\/carteChamps-65x65.png 65w, https:\/\/astrobook.fr\/wp-content\/uploads\/2020\/11\/carteChamps-116x116.png 116w\" sizes=\"auto, (max-width: 363px) 100vw, 363px\" \/><figcaption class=\"wp-element-caption\"><strong><span class=\"has-inline-color has-vivid-red-color\">IN\u00c9DIT !<\/span><\/strong> <span class=\"has-inline-color has-vivid-cyan-blue-color\">Des cartes de champs pour identifier les objets.<\/span><\/figcaption><\/figure><\/div>","protected":false},"excerpt":{"rendered":"<p>R\u00e9alis\u00e9s en impression num\u00e9rique laser, les atlas imprim\u00e9s se d\u00e9clinent en deux versions : &gt; Une version grand format (A4), \u00ab\u00a0Master Edition\u00a0\u00bb comprenant un seul volume,&gt; Une version en format r\u00e9duit (17&#215;24 cm), \u00ab\u00a0Pocket Edition\u00a0\u00bb comprenant deux volumes qui sont :&nbsp;&nbsp;&nbsp;&nbsp;&nbsp;&nbsp;* Le tome 1 : Ciel Bor\u00e9al (H\u00e9misph\u00e8re Nord)&nbsp;&nbsp;&nbsp;&nbsp;&nbsp;&nbsp;* Le tome 2 : Ciel Austral [&hellip;]<\/p>\n","protected":false},"author":1,"featured_media":0,"parent":0,"menu_order":0,"comment_status":"closed","ping_status":"closed","template":"","meta":{"footnotes":""},"class_list":["post-57","page","type-page","status-publish","hentry"],"yoast_head":"<!-- This site is optimized with the Yoast SEO plugin v24.0 - https:\/\/yoast.com\/wordpress\/plugins\/seo\/ -->\n<title>Les Atlas Imprim\u00e9s - Astrobook<\/title>\n<meta name=\"robots\" content=\"index, follow, max-snippet:-1, max-image-preview:large, max-video-preview:-1\" \/>\n<link rel=\"canonical\" href=\"https:\/\/astrobook.fr\/?page_id=57\" \/>\n<meta property=\"og:locale\" content=\"fr_FR\" \/>\n<meta property=\"og:type\" content=\"article\" \/>\n<meta property=\"og:title\" content=\"Les Atlas Imprim\u00e9s - Astrobook\" \/>\n<meta property=\"og:description\" content=\"R\u00e9alis\u00e9s en impression num\u00e9rique laser, les atlas imprim\u00e9s se d\u00e9clinent en deux versions : &gt; Une version grand format (A4), \u00ab\u00a0Master Edition\u00a0\u00bb comprenant un seul volume,&gt; Une version en format r\u00e9duit (17&#215;24 cm), \u00ab\u00a0Pocket Edition\u00a0\u00bb comprenant deux volumes qui sont :&nbsp;&nbsp;&nbsp;&nbsp;&nbsp;&nbsp;* Le tome 1 : Ciel Bor\u00e9al (H\u00e9misph\u00e8re Nord)&nbsp;&nbsp;&nbsp;&nbsp;&nbsp;&nbsp;* Le tome 2 : Ciel Austral [&hellip;]\" \/>\n<meta property=\"og:url\" content=\"https:\/\/astrobook.fr\/?page_id=57\" \/>\n<meta property=\"og:site_name\" content=\"Astrobook\" \/>\n<meta property=\"article:modified_time\" content=\"2024-12-05T23:32:49+00:00\" \/>\n<meta property=\"og:image\" content=\"http:\/\/astrobook.fr\/wp-content\/uploads\/2020\/11\/AdCcovers.png\" \/>\n<meta name=\"twitter:card\" content=\"summary_large_image\" \/>\n<meta name=\"twitter:label1\" content=\"Dur\u00e9e de lecture estim\u00e9e\" \/>\n\t<meta name=\"twitter:data1\" content=\"3 minutes\" \/>\n<script type=\"application\/ld+json\" class=\"yoast-schema-graph\">{\"@context\":\"https:\/\/schema.org\",\"@graph\":[{\"@type\":\"WebPage\",\"@id\":\"https:\/\/astrobook.fr\/?page_id=57\",\"url\":\"https:\/\/astrobook.fr\/?page_id=57\",\"name\":\"Les Atlas Imprim\u00e9s - Astrobook\",\"isPartOf\":{\"@id\":\"https:\/\/astrobook.fr\/#website\"},\"primaryImageOfPage\":{\"@id\":\"https:\/\/astrobook.fr\/?page_id=57#primaryimage\"},\"image\":{\"@id\":\"https:\/\/astrobook.fr\/?page_id=57#primaryimage\"},\"thumbnailUrl\":\"http:\/\/astrobook.fr\/wp-content\/uploads\/2020\/11\/AdCcovers.png\",\"datePublished\":\"2020-11-04T14:09:21+00:00\",\"dateModified\":\"2024-12-05T23:32:49+00:00\",\"breadcrumb\":{\"@id\":\"https:\/\/astrobook.fr\/?page_id=57#breadcrumb\"},\"inLanguage\":\"fr-FR\",\"potentialAction\":[{\"@type\":\"ReadAction\",\"target\":[\"https:\/\/astrobook.fr\/?page_id=57\"]}]},{\"@type\":\"ImageObject\",\"inLanguage\":\"fr-FR\",\"@id\":\"https:\/\/astrobook.fr\/?page_id=57#primaryimage\",\"url\":\"https:\/\/astrobook.fr\/wp-content\/uploads\/2020\/11\/AdCcovers.png\",\"contentUrl\":\"https:\/\/astrobook.fr\/wp-content\/uploads\/2020\/11\/AdCcovers.png\",\"width\":672,\"height\":400},{\"@type\":\"BreadcrumbList\",\"@id\":\"https:\/\/astrobook.fr\/?page_id=57#breadcrumb\",\"itemListElement\":[{\"@type\":\"ListItem\",\"position\":1,\"name\":\"Accueil\",\"item\":\"https:\/\/astrobook.fr\/\"},{\"@type\":\"ListItem\",\"position\":2,\"name\":\"Les Atlas Imprim\u00e9s\"}]},{\"@type\":\"WebSite\",\"@id\":\"https:\/\/astrobook.fr\/#website\",\"url\":\"https:\/\/astrobook.fr\/\",\"name\":\"Astrobook\",\"description\":\"Ouvrages Cartographiques du Ciel\",\"publisher\":{\"@id\":\"https:\/\/astrobook.fr\/#organization\"},\"potentialAction\":[{\"@type\":\"SearchAction\",\"target\":{\"@type\":\"EntryPoint\",\"urlTemplate\":\"https:\/\/astrobook.fr\/?s={search_term_string}\"},\"query-input\":{\"@type\":\"PropertyValueSpecification\",\"valueRequired\":true,\"valueName\":\"search_term_string\"}}],\"inLanguage\":\"fr-FR\"},{\"@type\":\"Organization\",\"@id\":\"https:\/\/astrobook.fr\/#organization\",\"name\":\"Astrobook\",\"url\":\"https:\/\/astrobook.fr\/\",\"logo\":{\"@type\":\"ImageObject\",\"inLanguage\":\"fr-FR\",\"@id\":\"https:\/\/astrobook.fr\/#\/schema\/logo\/image\/\",\"url\":\"https:\/\/astrobook.fr\/wp-content\/uploads\/2020\/11\/logoAstrobook-gr.png\",\"contentUrl\":\"https:\/\/astrobook.fr\/wp-content\/uploads\/2020\/11\/logoAstrobook-gr.png\",\"width\":155,\"height\":100,\"caption\":\"Astrobook\"},\"image\":{\"@id\":\"https:\/\/astrobook.fr\/#\/schema\/logo\/image\/\"}}]}<\/script>\n<!-- \/ Yoast SEO plugin. -->","yoast_head_json":{"title":"Les Atlas Imprim\u00e9s - Astrobook","robots":{"index":"index","follow":"follow","max-snippet":"max-snippet:-1","max-image-preview":"max-image-preview:large","max-video-preview":"max-video-preview:-1"},"canonical":"https:\/\/astrobook.fr\/?page_id=57","og_locale":"fr_FR","og_type":"article","og_title":"Les Atlas Imprim\u00e9s - Astrobook","og_description":"R\u00e9alis\u00e9s en impression num\u00e9rique laser, les atlas imprim\u00e9s se d\u00e9clinent en deux versions : &gt; Une version grand format (A4), \u00ab\u00a0Master Edition\u00a0\u00bb comprenant un seul volume,&gt; Une version en format r\u00e9duit (17&#215;24 cm), \u00ab\u00a0Pocket Edition\u00a0\u00bb comprenant deux volumes qui sont :&nbsp;&nbsp;&nbsp;&nbsp;&nbsp;&nbsp;* Le tome 1 : Ciel Bor\u00e9al (H\u00e9misph\u00e8re Nord)&nbsp;&nbsp;&nbsp;&nbsp;&nbsp;&nbsp;* Le tome 2 : Ciel Austral [&hellip;]","og_url":"https:\/\/astrobook.fr\/?page_id=57","og_site_name":"Astrobook","article_modified_time":"2024-12-05T23:32:49+00:00","og_image":[{"url":"http:\/\/astrobook.fr\/wp-content\/uploads\/2020\/11\/AdCcovers.png","type":"","width":"","height":""}],"twitter_card":"summary_large_image","twitter_misc":{"Dur\u00e9e de lecture estim\u00e9e":"3 minutes"},"schema":{"@context":"https:\/\/schema.org","@graph":[{"@type":"WebPage","@id":"https:\/\/astrobook.fr\/?page_id=57","url":"https:\/\/astrobook.fr\/?page_id=57","name":"Les Atlas Imprim\u00e9s - Astrobook","isPartOf":{"@id":"https:\/\/astrobook.fr\/#website"},"primaryImageOfPage":{"@id":"https:\/\/astrobook.fr\/?page_id=57#primaryimage"},"image":{"@id":"https:\/\/astrobook.fr\/?page_id=57#primaryimage"},"thumbnailUrl":"http:\/\/astrobook.fr\/wp-content\/uploads\/2020\/11\/AdCcovers.png","datePublished":"2020-11-04T14:09:21+00:00","dateModified":"2024-12-05T23:32:49+00:00","breadcrumb":{"@id":"https:\/\/astrobook.fr\/?page_id=57#breadcrumb"},"inLanguage":"fr-FR","potentialAction":[{"@type":"ReadAction","target":["https:\/\/astrobook.fr\/?page_id=57"]}]},{"@type":"ImageObject","inLanguage":"fr-FR","@id":"https:\/\/astrobook.fr\/?page_id=57#primaryimage","url":"https:\/\/astrobook.fr\/wp-content\/uploads\/2020\/11\/AdCcovers.png","contentUrl":"https:\/\/astrobook.fr\/wp-content\/uploads\/2020\/11\/AdCcovers.png","width":672,"height":400},{"@type":"BreadcrumbList","@id":"https:\/\/astrobook.fr\/?page_id=57#breadcrumb","itemListElement":[{"@type":"ListItem","position":1,"name":"Accueil","item":"https:\/\/astrobook.fr\/"},{"@type":"ListItem","position":2,"name":"Les Atlas Imprim\u00e9s"}]},{"@type":"WebSite","@id":"https:\/\/astrobook.fr\/#website","url":"https:\/\/astrobook.fr\/","name":"Astrobook","description":"Ouvrages Cartographiques du Ciel","publisher":{"@id":"https:\/\/astrobook.fr\/#organization"},"potentialAction":[{"@type":"SearchAction","target":{"@type":"EntryPoint","urlTemplate":"https:\/\/astrobook.fr\/?s={search_term_string}"},"query-input":{"@type":"PropertyValueSpecification","valueRequired":true,"valueName":"search_term_string"}}],"inLanguage":"fr-FR"},{"@type":"Organization","@id":"https:\/\/astrobook.fr\/#organization","name":"Astrobook","url":"https:\/\/astrobook.fr\/","logo":{"@type":"ImageObject","inLanguage":"fr-FR","@id":"https:\/\/astrobook.fr\/#\/schema\/logo\/image\/","url":"https:\/\/astrobook.fr\/wp-content\/uploads\/2020\/11\/logoAstrobook-gr.png","contentUrl":"https:\/\/astrobook.fr\/wp-content\/uploads\/2020\/11\/logoAstrobook-gr.png","width":155,"height":100,"caption":"Astrobook"},"image":{"@id":"https:\/\/astrobook.fr\/#\/schema\/logo\/image\/"}}]}},"jetpack_sharing_enabled":true,"_links":{"self":[{"href":"https:\/\/astrobook.fr\/index.php?rest_route=\/wp\/v2\/pages\/57","targetHints":{"allow":["GET"]}}],"collection":[{"href":"https:\/\/astrobook.fr\/index.php?rest_route=\/wp\/v2\/pages"}],"about":[{"href":"https:\/\/astrobook.fr\/index.php?rest_route=\/wp\/v2\/types\/page"}],"author":[{"embeddable":true,"href":"https:\/\/astrobook.fr\/index.php?rest_route=\/wp\/v2\/users\/1"}],"replies":[{"embeddable":true,"href":"https:\/\/astrobook.fr\/index.php?rest_route=%2Fwp%2Fv2%2Fcomments&post=57"}],"version-history":[{"count":22,"href":"https:\/\/astrobook.fr\/index.php?rest_route=\/wp\/v2\/pages\/57\/revisions"}],"predecessor-version":[{"id":454,"href":"https:\/\/astrobook.fr\/index.php?rest_route=\/wp\/v2\/pages\/57\/revisions\/454"}],"wp:attachment":[{"href":"https:\/\/astrobook.fr\/index.php?rest_route=%2Fwp%2Fv2%2Fmedia&parent=57"}],"curies":[{"name":"wp","href":"https:\/\/api.w.org\/{rel}","templated":true}]}}