{"id":65,"date":"2020-11-04T15:29:42","date_gmt":"2020-11-04T14:29:42","guid":{"rendered":"http:\/\/astrobook.fr\/?page_id=65"},"modified":"2023-09-23T19:38:29","modified_gmt":"2023-09-23T17:38:29","slug":"les-atlas-numeriques","status":"publish","type":"page","link":"https:\/\/astrobook.fr\/?page_id=65","title":{"rendered":"Les Atlas Num\u00e9riques"},"content":{"rendered":"<h4 class=\"has-text-align-center has-vivid-red-color has-text-color wp-block-heading\">Pour votre smartphone ou votre tablette !<\/h4><div class=\"wp-block-columns is-layout-flex wp-container-core-columns-is-layout-1 wp-block-columns-is-layout-flex\"><div class=\"wp-block-column is-layout-flow wp-block-column-is-layout-flow\"><figure class=\"wp-block-image size-large is-resized\"><img loading=\"lazy\" decoding=\"async\" src=\"http:\/\/astrobook.fr\/wp-content\/uploads\/2020\/11\/ADCebook1.jpg\" alt=\"\" class=\"wp-image-67\" width=\"250\" height=\"300\"\/><\/figure><\/div>\n\n<div class=\"wp-block-column is-layout-flow wp-block-column-is-layout-flow\"><figure class=\"wp-block-image size-full\"><img loading=\"lazy\" decoding=\"async\" width=\"410\" height=\"480\" src=\"https:\/\/astrobook.fr\/wp-content\/uploads\/2020\/11\/tablette.png\" alt=\"\" class=\"wp-image-66\" srcset=\"https:\/\/astrobook.fr\/wp-content\/uploads\/2020\/11\/tablette.png 410w, https:\/\/astrobook.fr\/wp-content\/uploads\/2020\/11\/tablette-256x300.png 256w, https:\/\/astrobook.fr\/wp-content\/uploads\/2020\/11\/tablette-99x116.png 99w\" sizes=\"auto, (max-width: 410px) 100vw, 410px\" \/><\/figure><\/div><\/div><p>Seul le tome 1 (Ciel Bor\u00e9al) a \u00e9t\u00e9 d\u00e9clin\u00e9 en format num\u00e9rique,<strong> il est fournit en deux versions lors du t\u00e9l\u00e9chargement : <\/strong><br><strong>&#8211;<\/strong> <strong>Version jour<\/strong> avec affichage noir sur fond blanc.<br><strong>&#8211;<\/strong> <strong>Version nuit<\/strong> avec affichage rouge sur fond noir.<\/p><p><\/p><figure class=\"wp-block-gallery has-nested-images columns-4 is-cropped aligncenter wp-block-gallery-1 is-layout-flex wp-block-gallery-is-layout-flex\"><figure class=\"wp-block-image size-large\"><a href=\"https:\/\/astrobook.fr\/wp-content\/uploads\/2020\/11\/PageSimple2.png\"><img loading=\"lazy\" decoding=\"async\" width=\"630\" height=\"891\" data-id=\"68\" src=\"http:\/\/astrobook.fr\/wp-content\/uploads\/2020\/11\/PageSimple2.png\" alt=\"\" class=\"wp-image-68\" srcset=\"https:\/\/astrobook.fr\/wp-content\/uploads\/2020\/11\/PageSimple2.png 630w, https:\/\/astrobook.fr\/wp-content\/uploads\/2020\/11\/PageSimple2-600x849.png 600w, https:\/\/astrobook.fr\/wp-content\/uploads\/2020\/11\/PageSimple2-212x300.png 212w, https:\/\/astrobook.fr\/wp-content\/uploads\/2020\/11\/PageSimple2-82x116.png 82w\" sizes=\"auto, (max-width: 630px) 100vw, 630px\" \/><\/a><\/figure>\n\n<figure class=\"wp-block-image size-large\"><a href=\"https:\/\/astrobook.fr\/wp-content\/uploads\/2020\/11\/PageSimple3.png\"><img loading=\"lazy\" decoding=\"async\" width=\"630\" height=\"891\" data-id=\"70\" src=\"http:\/\/astrobook.fr\/wp-content\/uploads\/2020\/11\/PageSimple3.png\" alt=\"\" class=\"wp-image-70\" srcset=\"https:\/\/astrobook.fr\/wp-content\/uploads\/2020\/11\/PageSimple3.png 630w, https:\/\/astrobook.fr\/wp-content\/uploads\/2020\/11\/PageSimple3-600x849.png 600w, https:\/\/astrobook.fr\/wp-content\/uploads\/2020\/11\/PageSimple3-212x300.png 212w, https:\/\/astrobook.fr\/wp-content\/uploads\/2020\/11\/PageSimple3-82x116.png 82w\" sizes=\"auto, (max-width: 630px) 100vw, 630px\" \/><\/a><\/figure>\n\n<figure class=\"wp-block-image size-large\"><a href=\"https:\/\/astrobook.fr\/wp-content\/uploads\/2020\/11\/PageSimple4.png\"><img loading=\"lazy\" decoding=\"async\" width=\"610\" height=\"863\" data-id=\"69\" src=\"http:\/\/astrobook.fr\/wp-content\/uploads\/2020\/11\/PageSimple4.png\" alt=\"\" class=\"wp-image-69\" srcset=\"https:\/\/astrobook.fr\/wp-content\/uploads\/2020\/11\/PageSimple4.png 610w, https:\/\/astrobook.fr\/wp-content\/uploads\/2020\/11\/PageSimple4-600x849.png 600w, https:\/\/astrobook.fr\/wp-content\/uploads\/2020\/11\/PageSimple4-212x300.png 212w, https:\/\/astrobook.fr\/wp-content\/uploads\/2020\/11\/PageSimple4-82x116.png 82w\" sizes=\"auto, (max-width: 610px) 100vw, 610px\" \/><\/a><\/figure>\n\n<figure class=\"wp-block-image size-large\"><a href=\"https:\/\/astrobook.fr\/wp-content\/uploads\/2020\/11\/PageSimple5.png\"><img loading=\"lazy\" decoding=\"async\" width=\"610\" height=\"863\" data-id=\"71\" src=\"http:\/\/astrobook.fr\/wp-content\/uploads\/2020\/11\/PageSimple5.png\" alt=\"\" class=\"wp-image-71\" srcset=\"https:\/\/astrobook.fr\/wp-content\/uploads\/2020\/11\/PageSimple5.png 610w, https:\/\/astrobook.fr\/wp-content\/uploads\/2020\/11\/PageSimple5-600x849.png 600w, https:\/\/astrobook.fr\/wp-content\/uploads\/2020\/11\/PageSimple5-212x300.png 212w, https:\/\/astrobook.fr\/wp-content\/uploads\/2020\/11\/PageSimple5-82x116.png 82w\" sizes=\"auto, (max-width: 610px) 100vw, 610px\" \/><\/a><\/figure><figcaption class=\"blocks-gallery-caption wp-element-caption\"><mark align=\"center\" style=\"background-color:rgba(0, 0, 0, 0)\" class=\"has-inline-color has-vivid-cyan-blue-color\">Pages exemples version jour et version nuit<\/mark><\/figcaption><\/figure><p><\/p><p>R\u00e9alis\u00e9 en format PDF, l&rsquo;Atlas des Constellations peut donc s&rsquo;utiliser aussi sur votre smartphone ou tablette gr\u00e2ce \u00e0 l&rsquo;installation d&rsquo;un lecteur PDF sous IOS ou Android.<\/p><p>En plus des fonctionnalit\u00e9s de base de tout lecteur PDF, des liens de navigation ont \u00e9t\u00e9 ajout\u00e9s sur le sommaire pour se positionner sur la constellations de son choix. Toutes les pages sont zoomables \u00e0 volont\u00e9. Quant \u00e0 la \u00ab\u00a0version nuit\u00a0\u00bb (affichage rouge), elle permet de pr\u00e9server la vision nocturne.<\/p><figure class=\"wp-block-video aligncenter\"><video controls src=\"https:\/\/astrobook.fr\/wp-content\/uploads\/2020\/11\/Astrobook2.mp4\"><\/video><figcaption class=\"wp-element-caption\"><mark style=\"background-color:rgba(0, 0, 0, 0)\" class=\"has-inline-color has-luminous-vivid-orange-color\">Vid\u00e9o de d\u00e9monstration<\/mark><\/figcaption><\/figure><hr class=\"wp-block-separator has-css-opacity\"\/><h6 class=\"has-text-align-center has-vivid-cyan-blue-color has-text-color wp-block-heading\"><strong>Vous souhaitez tester l&rsquo;atlas sur votre smartphone ou votre tablette <\/strong><br><strong>au pr\u00e9alable \u00e0 tout achat&#8230;<\/strong><\/h6><h3 class=\"has-text-align-center has-vivid-green-cyan-color has-text-color wp-block-heading\">Recevez un extrait gratuit et enti\u00e8rement fonctionnel !<\/h3><form  class=\"kaliforms-form-container bootstrap-wrapper  \" data-form-id=\"177\" style=\"opacity:0\"><h3>T\u00e9l\u00e9chargement Extrait<\/h3><div id=\"kaliforms-global-error-message-177\" class=\"global-error-message\">Error<\/div><div class=\"row kali-form-field-row\"><div class=\"col-12 col-md-4 \"><label  for=\"textbox1\">Pr\u00e9nom <span class=\"kali-required-mark\">*<\/span><\/label><input  data-internal-id=\"textbox1\" type=\"text\" id=\"textbox1\" name=\"Prenom\" data-properties.type=\"text\" required ><\/div><div class=\"col-12 col-md-8 \"><label  for=\"textbox2\">E-mail <span class=\"kali-required-mark\">*<\/span><\/label><input  data-internal-id=\"textbox2\" type=\"text\" id=\"textbox2\" name=\"Email\" data-properties.type=\"text\" required ><\/div><\/div><div class=\"row kali-form-field-row\"><div class=\"col-12 col-md-12 \"><span  data-internal-id=\"freetext3\" type=\"freeText\" id=\"freeText3\" name=\"freeText\">(*) champs obligatoires<\/span><\/div><\/div><div class=\"row kali-form-field-row\"><div class=\"col-12 col-md-4 offset-md-4\"><input  data-internal-id=\"submitbutton4\" type=\"submit\" id=\"submitButton4\" data-style=\"default\"  class=\"input\" value=\"Recevoir mon extrait num\u00e9rique !\" ><\/div><\/div><div class=\"row kali-form-field-row\"><div class=\"col-12 col-md-7 offset-md-3\"><span  data-internal-id=\"freetext5\" type=\"freeText\" id=\"freeText35\" name=\"freeText\">Je m'engage \u00e0 ne jamais divulguer votre e-mail \u00e0 quiconque<\/span><\/div><\/div><label class=\"khpfield\" for=\"kf-name-field\"><input class=\"khpfield\" id=\"kf-name-field\" name=\"kf-name-field\" autocomplete=\"off\" type=\"textbox\" \/><\/label><label class=\"khpfield\" for=\"kf-email-field\"><input class=\"khpfield\" id=\"kf-email-field\" name=\"kf-email-field\" autocomplete=\"off\" type=\"textbox\" \/><\/label><!-- This form was built using Kali Forms --><\/form><p><\/p>","protected":false},"excerpt":{"rendered":"<p>Pour votre smartphone ou votre tablette ! Seul le tome 1 (Ciel Bor\u00e9al) a \u00e9t\u00e9 d\u00e9clin\u00e9 en format num\u00e9rique, il est fournit en deux versions lors du t\u00e9l\u00e9chargement : &#8211; Version jour avec affichage noir sur fond blanc.&#8211; Version nuit avec affichage rouge sur fond noir. R\u00e9alis\u00e9 en format PDF, l&rsquo;Atlas des Constellations peut donc [&hellip;]<\/p>\n","protected":false},"author":1,"featured_media":0,"parent":0,"menu_order":0,"comment_status":"closed","ping_status":"closed","template":"","meta":{"footnotes":""},"class_list":["post-65","page","type-page","status-publish","hentry"],"yoast_head":"<!-- This site is optimized with the Yoast SEO plugin v24.0 - https:\/\/yoast.com\/wordpress\/plugins\/seo\/ -->\n<title>Les Atlas Num\u00e9riques - Astrobook<\/title>\n<meta name=\"robots\" content=\"index, follow, max-snippet:-1, max-image-preview:large, max-video-preview:-1\" \/>\n<link rel=\"canonical\" href=\"https:\/\/astrobook.fr\/?page_id=65\" \/>\n<meta property=\"og:locale\" content=\"fr_FR\" \/>\n<meta property=\"og:type\" content=\"article\" \/>\n<meta property=\"og:title\" content=\"Les Atlas Num\u00e9riques - Astrobook\" \/>\n<meta property=\"og:description\" content=\"Pour votre smartphone ou votre tablette ! Seul le tome 1 (Ciel Bor\u00e9al) a \u00e9t\u00e9 d\u00e9clin\u00e9 en format num\u00e9rique, il est fournit en deux versions lors du t\u00e9l\u00e9chargement : &#8211; Version jour avec affichage noir sur fond blanc.&#8211; Version nuit avec affichage rouge sur fond noir. R\u00e9alis\u00e9 en format PDF, l&rsquo;Atlas des Constellations peut donc [&hellip;]\" \/>\n<meta property=\"og:url\" content=\"https:\/\/astrobook.fr\/?page_id=65\" \/>\n<meta property=\"og:site_name\" content=\"Astrobook\" \/>\n<meta property=\"article:modified_time\" content=\"2023-09-23T17:38:29+00:00\" \/>\n<meta property=\"og:image\" content=\"http:\/\/astrobook.fr\/wp-content\/uploads\/2020\/11\/ADCebook1.jpg\" \/>\n<meta name=\"twitter:card\" content=\"summary_large_image\" \/>\n<meta name=\"twitter:label1\" content=\"Dur\u00e9e de lecture estim\u00e9e\" \/>\n\t<meta name=\"twitter:data1\" content=\"2 minutes\" \/>\n<script type=\"application\/ld+json\" class=\"yoast-schema-graph\">{\"@context\":\"https:\/\/schema.org\",\"@graph\":[{\"@type\":\"WebPage\",\"@id\":\"https:\/\/astrobook.fr\/?page_id=65\",\"url\":\"https:\/\/astrobook.fr\/?page_id=65\",\"name\":\"Les Atlas Num\u00e9riques - Astrobook\",\"isPartOf\":{\"@id\":\"https:\/\/astrobook.fr\/#website\"},\"primaryImageOfPage\":{\"@id\":\"https:\/\/astrobook.fr\/?page_id=65#primaryimage\"},\"image\":{\"@id\":\"https:\/\/astrobook.fr\/?page_id=65#primaryimage\"},\"thumbnailUrl\":\"http:\/\/astrobook.fr\/wp-content\/uploads\/2020\/11\/ADCebook1.jpg\",\"datePublished\":\"2020-11-04T14:29:42+00:00\",\"dateModified\":\"2023-09-23T17:38:29+00:00\",\"breadcrumb\":{\"@id\":\"https:\/\/astrobook.fr\/?page_id=65#breadcrumb\"},\"inLanguage\":\"fr-FR\",\"potentialAction\":[{\"@type\":\"ReadAction\",\"target\":[\"https:\/\/astrobook.fr\/?page_id=65\"]}]},{\"@type\":\"ImageObject\",\"inLanguage\":\"fr-FR\",\"@id\":\"https:\/\/astrobook.fr\/?page_id=65#primaryimage\",\"url\":\"https:\/\/astrobook.fr\/wp-content\/uploads\/2020\/11\/ADCebook1.jpg\",\"contentUrl\":\"https:\/\/astrobook.fr\/wp-content\/uploads\/2020\/11\/ADCebook1.jpg\",\"width\":383,\"height\":550},{\"@type\":\"BreadcrumbList\",\"@id\":\"https:\/\/astrobook.fr\/?page_id=65#breadcrumb\",\"itemListElement\":[{\"@type\":\"ListItem\",\"position\":1,\"name\":\"Accueil\",\"item\":\"https:\/\/astrobook.fr\/\"},{\"@type\":\"ListItem\",\"position\":2,\"name\":\"Les Atlas Num\u00e9riques\"}]},{\"@type\":\"WebSite\",\"@id\":\"https:\/\/astrobook.fr\/#website\",\"url\":\"https:\/\/astrobook.fr\/\",\"name\":\"Astrobook\",\"description\":\"Ouvrages Cartographiques du Ciel\",\"publisher\":{\"@id\":\"https:\/\/astrobook.fr\/#organization\"},\"potentialAction\":[{\"@type\":\"SearchAction\",\"target\":{\"@type\":\"EntryPoint\",\"urlTemplate\":\"https:\/\/astrobook.fr\/?s={search_term_string}\"},\"query-input\":{\"@type\":\"PropertyValueSpecification\",\"valueRequired\":true,\"valueName\":\"search_term_string\"}}],\"inLanguage\":\"fr-FR\"},{\"@type\":\"Organization\",\"@id\":\"https:\/\/astrobook.fr\/#organization\",\"name\":\"Astrobook\",\"url\":\"https:\/\/astrobook.fr\/\",\"logo\":{\"@type\":\"ImageObject\",\"inLanguage\":\"fr-FR\",\"@id\":\"https:\/\/astrobook.fr\/#\/schema\/logo\/image\/\",\"url\":\"https:\/\/astrobook.fr\/wp-content\/uploads\/2020\/11\/logoAstrobook-gr.png\",\"contentUrl\":\"https:\/\/astrobook.fr\/wp-content\/uploads\/2020\/11\/logoAstrobook-gr.png\",\"width\":155,\"height\":100,\"caption\":\"Astrobook\"},\"image\":{\"@id\":\"https:\/\/astrobook.fr\/#\/schema\/logo\/image\/\"}}]}<\/script>\n<!-- \/ Yoast SEO plugin. -->","yoast_head_json":{"title":"Les Atlas Num\u00e9riques - Astrobook","robots":{"index":"index","follow":"follow","max-snippet":"max-snippet:-1","max-image-preview":"max-image-preview:large","max-video-preview":"max-video-preview:-1"},"canonical":"https:\/\/astrobook.fr\/?page_id=65","og_locale":"fr_FR","og_type":"article","og_title":"Les Atlas Num\u00e9riques - Astrobook","og_description":"Pour votre smartphone ou votre tablette ! Seul le tome 1 (Ciel Bor\u00e9al) a \u00e9t\u00e9 d\u00e9clin\u00e9 en format num\u00e9rique, il est fournit en deux versions lors du t\u00e9l\u00e9chargement : &#8211; Version jour avec affichage noir sur fond blanc.&#8211; Version nuit avec affichage rouge sur fond noir. R\u00e9alis\u00e9 en format PDF, l&rsquo;Atlas des Constellations peut donc [&hellip;]","og_url":"https:\/\/astrobook.fr\/?page_id=65","og_site_name":"Astrobook","article_modified_time":"2023-09-23T17:38:29+00:00","og_image":[{"url":"http:\/\/astrobook.fr\/wp-content\/uploads\/2020\/11\/ADCebook1.jpg","type":"","width":"","height":""}],"twitter_card":"summary_large_image","twitter_misc":{"Dur\u00e9e de lecture estim\u00e9e":"2 minutes"},"schema":{"@context":"https:\/\/schema.org","@graph":[{"@type":"WebPage","@id":"https:\/\/astrobook.fr\/?page_id=65","url":"https:\/\/astrobook.fr\/?page_id=65","name":"Les Atlas Num\u00e9riques - Astrobook","isPartOf":{"@id":"https:\/\/astrobook.fr\/#website"},"primaryImageOfPage":{"@id":"https:\/\/astrobook.fr\/?page_id=65#primaryimage"},"image":{"@id":"https:\/\/astrobook.fr\/?page_id=65#primaryimage"},"thumbnailUrl":"http:\/\/astrobook.fr\/wp-content\/uploads\/2020\/11\/ADCebook1.jpg","datePublished":"2020-11-04T14:29:42+00:00","dateModified":"2023-09-23T17:38:29+00:00","breadcrumb":{"@id":"https:\/\/astrobook.fr\/?page_id=65#breadcrumb"},"inLanguage":"fr-FR","potentialAction":[{"@type":"ReadAction","target":["https:\/\/astrobook.fr\/?page_id=65"]}]},{"@type":"ImageObject","inLanguage":"fr-FR","@id":"https:\/\/astrobook.fr\/?page_id=65#primaryimage","url":"https:\/\/astrobook.fr\/wp-content\/uploads\/2020\/11\/ADCebook1.jpg","contentUrl":"https:\/\/astrobook.fr\/wp-content\/uploads\/2020\/11\/ADCebook1.jpg","width":383,"height":550},{"@type":"BreadcrumbList","@id":"https:\/\/astrobook.fr\/?page_id=65#breadcrumb","itemListElement":[{"@type":"ListItem","position":1,"name":"Accueil","item":"https:\/\/astrobook.fr\/"},{"@type":"ListItem","position":2,"name":"Les Atlas Num\u00e9riques"}]},{"@type":"WebSite","@id":"https:\/\/astrobook.fr\/#website","url":"https:\/\/astrobook.fr\/","name":"Astrobook","description":"Ouvrages Cartographiques du Ciel","publisher":{"@id":"https:\/\/astrobook.fr\/#organization"},"potentialAction":[{"@type":"SearchAction","target":{"@type":"EntryPoint","urlTemplate":"https:\/\/astrobook.fr\/?s={search_term_string}"},"query-input":{"@type":"PropertyValueSpecification","valueRequired":true,"valueName":"search_term_string"}}],"inLanguage":"fr-FR"},{"@type":"Organization","@id":"https:\/\/astrobook.fr\/#organization","name":"Astrobook","url":"https:\/\/astrobook.fr\/","logo":{"@type":"ImageObject","inLanguage":"fr-FR","@id":"https:\/\/astrobook.fr\/#\/schema\/logo\/image\/","url":"https:\/\/astrobook.fr\/wp-content\/uploads\/2020\/11\/logoAstrobook-gr.png","contentUrl":"https:\/\/astrobook.fr\/wp-content\/uploads\/2020\/11\/logoAstrobook-gr.png","width":155,"height":100,"caption":"Astrobook"},"image":{"@id":"https:\/\/astrobook.fr\/#\/schema\/logo\/image\/"}}]}},"jetpack_sharing_enabled":true,"_links":{"self":[{"href":"https:\/\/astrobook.fr\/index.php?rest_route=\/wp\/v2\/pages\/65","targetHints":{"allow":["GET"]}}],"collection":[{"href":"https:\/\/astrobook.fr\/index.php?rest_route=\/wp\/v2\/pages"}],"about":[{"href":"https:\/\/astrobook.fr\/index.php?rest_route=\/wp\/v2\/types\/page"}],"author":[{"embeddable":true,"href":"https:\/\/astrobook.fr\/index.php?rest_route=\/wp\/v2\/users\/1"}],"replies":[{"embeddable":true,"href":"https:\/\/astrobook.fr\/index.php?rest_route=%2Fwp%2Fv2%2Fcomments&post=65"}],"version-history":[{"count":36,"href":"https:\/\/astrobook.fr\/index.php?rest_route=\/wp\/v2\/pages\/65\/revisions"}],"predecessor-version":[{"id":406,"href":"https:\/\/astrobook.fr\/index.php?rest_route=\/wp\/v2\/pages\/65\/revisions\/406"}],"wp:attachment":[{"href":"https:\/\/astrobook.fr\/index.php?rest_route=%2Fwp%2Fv2%2Fmedia&parent=65"}],"curies":[{"name":"wp","href":"https:\/\/api.w.org\/{rel}","templated":true}]}}